
Evaluate 54 + 50 + -152 - (1 - -2).
-51
What is 13 + -79 + (32 - 98)?
-132
Evaluate -7 - (23 + (-31 - 24 - -20)).
5
What is 7 + -1 + 4 + -3 + (350 - 411)?
-54
Calculate -1 - (6 + -2) - (23 + 19 + 34 + -82).
1
Evaluate (-5 - (-45 - -4)) + -37 + 13.
12
(3 - -6 - 5) + -109 - (-70 - -64)
-99
What is 52 + (-193 - -36 - -49)?
-56
623 - 335 - (174 + -11)
125
What is 53 - -4 - -10 - ((4 - -18) + -10)?
55
Evaluate -22 + 14 + 13 + -14 - (-4 + 2 + -51).
44
Evaluate 1 - ((2 - 16) + (-16 - (47 + -37))).
41
Calculate (-7 - (10 + -13)) + (208 - 211).
-7
What is -126 + (-83 - -115) - 2?
-96
What is 60 + -5 - (-394 + 449)?
0
What is (56 - 0) + -121 + 131 + -35?
31
0 + -3 + 151 + -144 - (35 + -10)
-21
35 + (15 - (-3 - (10 - (1 - -23))))
39
Calculate (21 - 3 - -53) + -22.
49
What is (51 - (-16 - -30)) + 7?
44
What is 1 + 7 - (-316 + 281 - 45)?
88
Calculate (-30 - (-28 + 16)) + (32 - -4).
18
Calculate (-11 + 17 - 10) + 10 + 1 - -6.
13
Calculate (9 - -76) + -91 + (1 - 6).
-11
Evaluate (13 - 17) + (0 - -16) - (-11 - 30).
53
Evaluate -35 + 25 + 3 + 1 + 2 - -57.
53
What is the value of (-88 - -68) + 67 + -15?
32
What is -144 + (-68 + -19 - -278)?
47
Calculate (-3 - -1) + 2 + (-11 - (17 + -13 + 44)).
-59
Calculate (-40 - -16) + 130 - -9 - (13 - -8).
94
3 + -1 + -4 + -2 + (-19 - (-6 + 20))
-37
Calculate (48 - 57) + -8 + 49.
32
Calculate 68 + 87 + -17 + -107.
31
2 - (47 - (-83 - -121))
-7
Evaluate (-1 + 77 - (68 - (48 - -16))) + 0 + -8.
64
-20 + 5 - ((-48 - 5) + 74)
-36
What is (1 + 38 - (298 - 200)) + 0 + -14?
-73
(5 + (7 - 12) + -4 - 9) + -10
-23
What is the value of -9 + 54 - (3 + 60 + -91)?
73
-60 + (-96 - (-175 - 1))
20
Evaluate 27 - (64 + -43) - (9 + -4 - 1).
2
What is the value of 2 + -2 + 84 + (19 - -7 - 15) + -23?
72
What is the value of 11 + (1 - 1) - ((-2 + -15 - -5) + 37)?
-14
(18 - -3 - 68) + (5 - 36)
-78
What is (32 - (211 - 38) - -34) + 17?
-90
What is the value of -24 - (-14 - -27) - -46?
9
(-5 - (-12 - 5) - (6 + 0)) + -56 + -3
-53
(-124 + 136 - (13 + 3 + -1)) + 45
42
(1 - (-1 - -1 - -5)) + 25 + -1 - 10
10
What is the value of 24 + 0 + 0 - (-658 + 735)?
-53
What is 20 - (116 + -108 - (0 + -1)) - (71 - -39)?
-99
Calculate (16 + (-5 - 40) - -39) + -5 + 0.
5
Evaluate (-23 - -14) + 74 + -127.
-62
Evaluate -5 - -140 - 46 - 2.
87
Evaluate (-24 - -79 - 12) + (-5 - -9).
47
What is the value of -15275 + 15376 - (-1 + 207)?
-105
Evaluate (23 - (21 - 19) - 19) + 32.
34
Calculate (14 - (-32 + 31 + -24)) + 1 + 1.
41
What is -6 + -1 + 9 + 7 + 32?
41
What is 2 + -3 + 9 - (5 + -32 - -29)?
6
0 + 80 + (0 - 2) + 73 + 158 + -233
76
(-45 - (-11 + -16)) + 0 + -22
-40
What is the value of 19 + -18 + (6 - 11) + (0 - 0) + 8?
4
What is the value of -14 + (344 + -354 - (5 + 39))?
-68
Evaluate -36 + 10 + -3 + -382 + 355.
-56
What is the value of -11 - -1 - (-2 - (21 + -20 + -16))?
-23
What is 0 + 3 + 0 + (0 - ((-37 - -30) + 15))?
-5
Evaluate 3 + -1 + 2 - 2 - (89 - 48).
-39
What is the value of 22 + 119 + -163 + 119?
97
What is 118 - (-106 + -28 + 140)?
112
Evaluate 4 + -145 - ((-416 - -398) + (5 - 1) - -6).
-133
What is the value of (-407 - -335) + 4 + 28?
-40
What is 18 + 3 + -50 + 12 - -62?
45
What is -2 + 28 - (-70 + 105 + -50)?
41
What is -47 - 20 - (349 - 316)?
-100
Calculate -1 - -54 - (220 - (-216 + 393)).
10
What is 31 + (4 + -5 - 11) + (-15 - -14)?
18
Evaluate -6 - (7 - (-5 - -21) - 7) - (6 - -19).
-15
Calculate 1 - ((0 - -49) + -2 - (379 + -377)).
-44
Calculate 3 + (2 + 2 + (15 - 7) - 25).
-10
What is the value of -109 + (-30 - -55) + 4 + 26?
-54
Evaluate 26 - (45 - 113 - -52).
42
What is the value of (5 + -7 + -13 - (209 + -235)) + 7?
18
Evaluate (9 - (-6 + 5)) + (-76 + 116 - (1 - 3)).
52
Calculate 49 - (6 - -54) - -32.
21
Calculate (-89 - -131) + -108 + 84.
18
-6 + (0 + 1 - (-90 + 33)) + (86 - 81)
57
What is the value of (27 - (-69 + 14) - 41) + 56?
97
Evaluate (2 + -5 - -7) + 2 - 1 - (16 - 25).
14
Calculate -20 + 4 + (-6 - -10 - -4) + -2.
-10
What is the value of (118 - 0) + (-4361 - -4270)?
27
What is the value of (-2 - (-35 + -19)) + (17 - (-8 - -10))?
67
1 - (0 + 16) - (-53 + 132 - 69)
-25
Evaluate -11 - (50 + (-10 + -3 - -3)) - -9.
-42
What is the value of -15 + (-12 - -3 - -4) + -13 - -18?
-15
(-21 - (-23 + 29)) + 24 + -4 + 42 + 5
40
Calculate -132 + 30 + 49 - -34.
-19
Calculate -8 + 5 + -4 + -9 + 3 + 10.
-3
What is -3 + -3 + (30 - (67 - 20))?
-23
What is -20 + -1 + 7 + 3 - (-34 + 3)?
20
What is the value of (-8 - -18) + 0 + (-10 - (15 + -53))?
38
Calculate 60 + 0 + (190 - 213) - 3.
34
Calculate 30 + -25 + (25 - -8).
38
-7 - (19 + -5 + -30) - (2 + -14)
21
Evaluate (-2 - 18) + -126 + 103.
-43
What is the value of -4 - (0 - (-1 - (-19 - -15)))?
-1
-35 + (239 - 60) + -57
87
What is -10 + (-42 - (-39 - -18)) + 38?
7
(-1 - 4) + -26 + 42 - (-66 - -56)
21
Calculate 0 - -14 - (-193 + 229) - -11.
-11
(0 + 0 - -99) + -4194 + 4210
115
4 - -25 - (156 - 125)
-2
What is the value of -18 + (31 + -6 - -8) - -27?
42
What is the value of 10 - (6 - (3 - (0 + 11) - (-99 - -149)))?
-54
What is -14 - (85 + -70 + (6 - (-10 + -1)))?
-46
Calculate (-3 - -12) + (50 - 97 - -66).
28
What is the value of -129 + -19 + 10 + -6 + 37 + -3?
-110
Evaluate (-3 - (-4 + 3)) + -9 + (29 - (-48 + -17)).
83
What is -31 + 6 + 25 + (43 - 3)?
40
Evaluate (242 - 238) + (2 - (0 - -1) - (3 + 44)).
-42
What is the value of -123 + (-4 + 14 - (12 + -11 + 6))?
-120
Calculate (25 - 39) + -22 + 98 + (-1 - 9).
52
-4 + 3 + 6 + 26 + -1 + -19 + 20
31
Evaluate 47 + (-4 + 3 - 25) - 48.
-27
Evaluate 38 - ((18 - 2) + (7 - 8) + -3).
26
0 - 26 - (-1479 - -1409) - -22
66
What is -3 + -6 + (-14 - (-17 - -9)) + 7 - -78?
70
What is the value of -121 + 55 - -107 - (8 - 2)?
35
17 + -20 - 32 - (3 + -18)
-20
Evaluate -2 - -12 - (29 + (-27 - -4 - -9)).
-5
6 + (7 - (1 + -5)) - 27
-10
What is (-3 - -32) + 474 + -480?
23
-3 + -8 - (60 - (-3 + 18 - 0) - -15)
-71
What is the value of 7 + 6 - -51 - 42 - (0 - -6)?
16
Evaluate -275 + 191 + -6 + 84 + (0 - 4).
-10
Calculate (0 - 10) + (-25 - (-65 + -27 + 19)).
38
What is the value of -3 + (2 - -15) - ((3 - -51) + -3)?
-37
What is the value of (-1 - 127) + -464 + 495 + -23 - (9 + -2)?
-127
Calculate (-1 - -20) + 78 + -105 + -20.
-28
What is 44 + (-22 + 10 - 6)?
26
What is 736 + -704 + 14 + 32?
78
What is the value of (6 - -8) + 5 + -30 + -59 - 2?
-72
Calculate -8 + 84 - (15 + -1 + (-24 - (-4 - 10))).
72
What is the value of 67 + 54 + (-167 - -29)?
-17
Calculate -94 + 170 + -231 + 65.
-90
What is (-18 - (-2 - 0) - -4) + 943 + -927?
4
Evaluate (-4 - -7) + 0 + -11 + -3 - (1060 + -1202).
131
What is the value of (137 - 10) + -135 + 58 + -2 + 4?
52
What is 4 + 9 + (-8 - -31 - 50)?
-14
(60 - (-2 + 55)) + 21
28
Evaluate -59 - (44 + -58 - -12).
-57
-5 - -9 - (167 - 225)
62
What is the value of 3 - ((-17 + -1 + 10 - 17) + (-5 - 1))?
34
Calculate (0 + 7 - 18) + (69 - 71).
-13
What is the value of (3 + -24 - (32 + -16)) + (13 - 0 - 3)?
-27
Calculate (-1 - -1 - (13 + 0)) + -33 + (-56 - -79).
-23
What is 3617 + -3602 - (72 - 1)?
-56
Evaluate -4506 - -4506 - (4 - ((-2 - 1) + 17)).
10
What is 1 + 53 + (262 - 119) + -149?
48
21 - ((19 - 0) + -2 - -33)
-29
What is the value of (9 - (46 + -28)) + 1 + 0?
-8
What is the value of 9 + (-117 - -110 - (0 + -1)) + 35 - 3?
35
114 + -4 + -12 + (2 - 2) + (279 - 255)
122
(52 - 60) + (0 + (2 - 4) - 0) + 4
-6
What is (-6 - -17 - (18 + 17 + -26)) + -115?
-113
Evaluate -18 + 3 - (-16 + (50 - (-15 + 24))).
-40
What is -1 + 3 - -105 - (25 + -13 + -11 + 0)?
106
Calculate (38 - (23 - (16 - 7))) + 10.
34
What is the value of -26 - ((-13 - (6 + -21)) + 0)?
-28
What is the value of -33 + (14 - 22) + 34 + -15?
-22
What is the value of (-25 - -36 - 30) + (-1 - 0 - -3)?
-17
What is 45 + -36 + 53 + -27?
35
Evaluate -16 + 26 + 17 + -28 + 3 + -6 + -54.
-58
Calculate (52 - (0 - (-2 - (5 - 1)))) + 0 - -12.
58
24 - (5 + (14 + -3 - 6))
14
-26 + (-57 + -19 - -126)
24
Evaluate -15 - (-23 + 53) - -18.
-27
What is (-29 - -110) + -75 - 12?
-6
What is 22 - (-2 + 24) - (34 - (0 - -7))?
-27
What is the value of -37 - (-31 - (-94 + 51))?
-49
Evaluate 21 + (-29 + 13 - -6) - 36.
-25
What is -10 - (14 + -10 + (-4 - 3))?
-7
Calculate (11 - (9 + 2) - -11) + -90 + 12 + -23.
-90
Calculate (-10 - ((24 - -7) + -21) - -32) + -2 + -71.
-61
Evaluate (49 - (-4 - -14)) + 73 + -72.
40
What is the value of (169 - 